k(o) = o**3 + 7*o**2 + 10. What are the prime factors of k(c)?
2, 5
List the prime factors of 8 + -9 - 459/(-3).
2, 19
Let v = -4 - -6. Let p = 2 - 2. Suppose v*y + 3*y - 15 = p. What are the prime factors of y?
3
Let x(r) be the first derivative of -r**4/4 + 8*r**3/3 + 5*r**2 + 8*r - 1. List the prime factors of x(9).
17
Let d(l) = 14*l**2 + 2. List the prime factors of d(2).
2, 29
Let g = 32 - 172. What are the prime factors of 7/(g/(-8))*45?
2, 3
Suppose -j - 34 - 5 = 3*k, 2*k = -j - 25. Let f(a) = -a**2 + 2. Let s be f(3). Let g = s - k. What are the prime factors of g?
7
Let u be (4 + -2 + -1)*4. Suppose -h - u*k = 4*h - 103, -2*k = 5*h - 109. List the prime factors of h.
23
Let f(b) = 8 + 6*b - 2*b**2 + 2*b**2 - 3*b**2 + 4*b**2. List the prime factors of f(-9).
5, 7
Suppose -6*h + 10*h - 1104 = 0. List the prime factors of h.
2, 3, 23
Let k = -234 + 329. List the prime factors of k.
5, 19
Let x be 4/(-10) - 72/(-30). Suppose -d = x*i - 48 + 10, -d + i = -38. What are the prime factors of d?
2, 19
Let z = 505 + -325. Suppose -4*b + b = -z. Suppose 6*i - b = i. List the prime factors of i.
2, 3
Let h(r) = 3*r**3 - 2*r**2 + 4*r - 2. Let s(m) = -m**3 - 7*m**2 + 4. Let w be s(-7). Let c = -2 + w. List the prime factors of h(c).
2, 11
Let g be (-10)/(-1 - -1 - -1). Let r be g/(0 - (0 + 2)). What are the prime factors of (r - 1)*-1*-3?
2, 3
Suppose -1500 = -12*a - 0*a. What are the prime factors of a?
5
Let t(d) = d - d + d + 0. Let x be t(3). Suppose -3*m - x = -21. List the prime factors of m.
2, 3
Suppose 4*p - 20 = 0, 0 = -5*w - p + 18 - 3. Let c be ((-4)/(-6))/(w/3). Suppose 5 + c = 3*y. List the prime factors of y.
2
Let f = -6 + 11. What are the prime factors of f?
5
Let o(q) = -q**2 + 7*q - 3. Let f be o(5). Let a be -6 + (3 - (2 + 0)). Let x = f + a. List the prime factors of x.
2
Suppose -2*s + 7*s = 170. What are the prime factors of s?
2, 17
Let g = -4 + 4. Suppose g*w + 28 = 2*w. What are the prime factors of w?
2, 7
Suppose -d + 0*d - 2*c + 16 = 0, 11 = d - 3*c. Let k(r) = 3*r - 16. List the prime factors of k(d).
2, 13
Suppose -2*t = -2*l + 18, 0*l - 4*l + 16 = t. Let h = 11 - l. List the prime factors of h.
2, 3
Suppose -4*d + 2*o = 6 - 0, 2*d + 2*o + 6 = 0. Let g be (-3*1)/(6/(-4)). Let a = g - d. List the prime factors of a.
2
Suppose 3*t - 33 - 78 = 0. What are the prime factors of t?
37
Suppose 3*m = 10*m - 777. What are the prime factors of m?
3, 37
What are the prime factors of 1*-2 + (-2)/(2/(-63))?
61
Let d(f) = f**2 - 7*f - 1. Let m(r) = -r**3 + 7*r**2 - 6*r + 8. Let a be m(6). List the prime factors of d(a).
7
Suppose 2*z = 2*y + 50, y + 4*y - 95 = -5*z. Suppose 4*c - 1 = -r, -2*c - z = -7*r + 3*r. What are the prime factors of (15/2)/(r/10)?
3, 5
Let m(s) = -3*s - 5. List the prime factors of m(-10).
5
Suppose 11 = -3*m + 89. Suppose 5*z - m = 54. What are the prime factors of 78/8 + 4/z?
2, 5
Let p be 204/15 - 9/15. Suppose -4*x - 2*d + 96 = 2*d, -119 = -5*x - 4*d. Let b = x - p. List the prime factors of b.
2, 5
Suppose f + 54 = -2*b + 21, 5*b = -4*f - 90. List the prime factors of 2/(3 - 4) - b.
2, 3
Let i(r) = r**3 - 9*r**2 - 5*r + 7. What are the prime factors of i(10)?
3, 19
Suppose 2*n - 8 - 2 = 0, 0 = -4*i - 3*n + 27. What are the prime factors of 1/(i/((-162)/(-3)))?
2, 3
Let o = 44 + 39. Suppose 2*r - o = -3*l + 4*l, 4*r - 3*l = 171. What are the prime factors of r?
3, 13
Suppose 1 = 5*m + 16, -3*f + m + 27 = 0. List the prime factors of f.
2
Suppose 0 = 12*z - 8*z - 120. List the prime factors of z.
2, 3, 5
Suppose -3*a - 2*a = 45. Let b(c) = 3*c + 18. Let k be b(-12). List the prime factors of 50/4 + a/k.
13
Let h(v) = v**2 - v - 1. Let i be h(0). Let l(d) be the first derivative of -3*d**4 - 2*d**3/3 - d**2 - d - 4. List the prime factors of l(i).
11
Suppose 5*q - 2*k - 70 = -4*k, -2*k = q - 14. Let s = 38 - q. What are the prime factors of s?
2, 3
Let o = -95 + 99. What are the prime factors of o?
2
Let p(s) = 2*s**2 + 6*s + 8. What are the prime factors of p(-5)?
2, 7
Let l(a) = -a**3 - 5*a**2 - 5*a + 9. What are the prime factors of l(-5)?
2, 17
Suppose -8 - 2 = -2*m. Suppose 8*o - 21 = m*o. List the prime factors of o.
7
Suppose 0 = 3*l + 3*y - 31 - 56, -2*l + 88 = -4*y. What are the prime factors of l?
2, 17
Let n(a) = 7*a - 17. What are the prime factors of n(8)?
3, 13
Let q = -23 + 14. Let m(x) = -x**2 - 10*x - 7. Let l be m(q). Suppose l*z + t - 74 = -3*z, 3*t + 3 = 0. What are the prime factors of z?
3, 5
Let v(k) be the second derivative of -11*k**3/6 + 5*k**2 + k. Let c(o) = -5*o + 5. Let n(g) = 13*c(g) - 6*v(g). What are the prime factors of n(7)?
2, 3
Let t(o) = -o**2 + o. Let h be t(0). Suppose -4*y = -5*i + 93, 5*y - 2*y - 9 = h. Suppose d - 2*j = i, 5*j + 8 = -d - 6. What are the prime factors of d?
11
Suppose -b + 64 = -152. What are the prime factors of b?
2, 3
Let u(m) = m**3 - 5*m**2 + 3. Let p(n) = 4*n**3 + n**2. Suppose 2*r = 3*r + 4*k - 13, 5*k - 20 = -5*r. Let j be p(r). List the prime factors of u(j).
3
List the prime factors of 3*((-46)/(-6) - 3).
2, 7
What are the prime factors of ((-78)/(-65))/((-6)/(-220))?
2, 11
Let f be ((-56)/(-12) - 3)*3. Let s = 8 - f. List the prime factors of s.
3
Let p(q) = -7*q**2 + 0*q**3 + 1 + q**3 - q + 4. Let v be p(7). List the prime factors of 2 + (v + 2 - -6).
2
Suppose -2*a + 22 = 4*h - 3*h, 32 = 4*a + 5*h. List the prime factors of a.
13
Let p = 55 - 22. What are the prime factors of p?
3, 11
Suppose 0 = m - 3*m + 96. List the prime factors of m/4 - (0 - -1).
11
Suppose 4*a - 37 = 3*a. List the prime factors of a.
37
Suppose 0 = -r - 2*z + 7, -z = 4*r - 0*z + 7. Let u(k) = 3*k**2 + 5*k + 2. Let d be u(r). Let i = -7 + d. List the prime factors of i.
7
Suppose 7*h - 2*h = 0. Suppose h = c - 0 - 3. Let a = 16 - c. What are the prime factors of a?
13
Suppose 0 = 3*r + 4*t - 2, 4*r - 2*r = 4*t - 32. Suppose -3 = a + 5*w, 2*w - 9 = -a - 0*a. Let y = r + a. List the prime factors of y.
11
Let s(b) = -11*b**2 + 2*b + 2. Let n be s(-2). Let a = 2 - n. Suppose 2*c = -8 + a. What are the prime factors of c?
2, 5
Let h be 74/2 + -1 + 0. Let o be 50/18 + 8/h. Suppose o*g - 1 = -k - 2, -4*k + g + 9 = 0. List the prime factors of k.
2
Let u = -42 + 28. Let z be 183/21 - 4/u. Suppose 15 + z = 4*w. What are the prime factors of w?
2, 3
Let o(w) = w**3 - 7*w**2 - 8*w + 8. Let c be o(8). What are the prime factors of c - (-2)/(0 - 1)?
2, 3
Suppose 2*l - t + 3*t = 114, 3*l = 3*t + 153. List the prime factors of l.
2, 3
Suppose -3*q - 5*v = -203, 0 = q + 2*q - v - 197. Suppose 5*i = 2*i + q. List the prime factors of i.
2, 11
Let a(s) = -s**2 + 6*s - 7. Let r be a(5). Suppose -29 = -5*k - 4. Let p = k + r. List the prime factors of p.
3
Let a(k) = 19*k + 3. Let t(l) = 6*l + 1. Let g(x) = -2*a(x) + 7*t(x). Let d be g(2). Let i = d + -2. List the prime factors of i.
7
Let s(k) = k + 13. Suppose -2*t + 20 = -2*x, -3*t - 2*t = x + 4. List the prime factors of s(x).
2
Let j = 3 - 1. Suppose -j*o + 80 = u + 3*u, -5 = -u. Let d = o + -15. What are the prime factors of d?
3, 5
Suppose 0 = 3*z - 69 - 114. What are the prime factors of z?
61
Suppose 0 = o + 4*o - 375. Suppose 3*h - o = 3*v, 2 = -2*v - 2. List the prime factors of h.
23
Let b be 1/(57/(-18) + 3). Let i = b - -14. What are the prime factors of i?
2
Let g(m) = 10*m - 28. What are the prime factors of g(15)?
2, 61
Let m = 24 + -12. Suppose m = 3*f - 0*f. What are the prime factors of f?
2
Suppose 2*s + 0*s = -20. List the prime factors of 50/6 + s/(-15).
3
Suppose -5*z - 3 = 27. Let y(w) be the first derivative of -3*w**2/2 - 7*w + 1. What are the prime factors of y(z)?
11
Let t be (-2)/4 + 29/2. Suppose 4*i + 8 = 4*c, -4*i - c = i - t. Suppose 5*r + 0*r - 2*y - 27 = 0, -2*r = -i*y - 12. List the prime factors of r.
5
Let g be 2*(1 + (-3)/(-2)). Suppose 4*n + 0*n = 3*t - 43, 3*t + g*n - 34 = 0. List the prime factors of t.
13
Let b be -1*3*9/9. Let s(t) = t - t + 4 - 3*t**2 - t**3. List the prime factors of s(b).
2
Let d = 23 - 19. List the prime factors of (-1)/d + 29/4.
7
Let m(j) = -j**3 + 5*j**2 + 2*j - 7. Let k be m(5). Let i be 3/((-3)/(-2))*k. Suppose -2*l + 2 = -i, -22 = -5*r - 3*l. What are the prime factors of r?
2
Let j = 97 - 45. List the prime factors of j.
2, 13
Let b(m) = m + 3. Let y be (